 be r(0). Let t(f) = f**2 - 7*f + 12. Let s be t(z). Give a(s).
-7
Let h(n) = -8*n**3 - n**2 - n. Let o be 60/90*(1 - 22/4) - -5. Calculate h(o).
-70
Let q be (-1 + 34/10)*(-19)/((-2090)/275). Let z(y) = -y**2 + 5*y - 14. Calculate z(q).
-20
Let i(j) = 334*j - 7359. Let z be i(22). Let q(y) = y**3 + 8*y**2 - 26*y - 13. Calculate q(z).
-90
Let l(z) = -12*z + 463. Let c be l(39). Let v(x) = x**2 + 6*x - 16. Determine v(c).
-21
Let u = 14253 - 14257. Let j(s) = -3*s**2 + 9*s - 8. What is j(u)?
-92
Let l(k) = -k + 11. Let j(m) = -18*m + 132. Let w be j(0). Let t = w - 126. Calculate l(t).
5
Let j = 4330 + -4320. Let m(v) = v**3 - 10*v**2 + 6*v - 14. Calculate m(j).
46
Let b(v) = -1796*v + 1810*v - 263 + 473. What is b(-15)?
0
Let d(p) = p**2 - 16*p + 13. Suppose 12*v = 14*v - 292. Suppose 18*u = v + 88. Give d(u).
-26
Let v(r) = 26*r + 54. Let g(s) = -97*s - 215. Let b(z) = 3*g(z) + 11*v(z). Give b(-13).
14
Let h(b) be the second derivative of -b**4/3 + 5*b**3/6 + b**2/2 + 5*b - 44. What is h(5)?
-74
Let h(z) = 29*z - 608. Suppose -974 = 702*q - 1669 - 14047. Calculate h(q).
1
Let l(s) = -s**2 - 74*s - 1004. Let n be l(-56). Let c(i) = -2*i - 2 - 11*i + 17*i. Calculate c(n).
14
Let i(t) = -5*t - 3. Let o(y) = -y - 1 - 1 - 3 + 4. Let m(x) = -x**3 - 6*x**2 - 3*x - 20. Let l be m(-6). Let j(d) = l*i(d) + 9*o(d). What is j(5)?
2
Let w(u) = u**3 + 5*u**2 + 4*u + 2. Let c = 2405 + -2337. Let k(v) = -9*v**3 + v**2 - v - 1. Let g be k(2). Let a = g + c. Calculate w(a).
8
Let i be (-21)/(-14)*-16*-4. Let a = -97 + i. Let u(x) = -x. Determine u(a).
1
Let t = 1306 - 1314. Let r(h) = 4*h**2 - 33*h - 18. Let b(u) = u**2 - 11*u - 6. Let i(n) = -7*b(n) + 2*r(n). Give i(t).
-18
Suppose 12*a - 2*a - 120 = 0. Let g(y) = -y**2 + 13*y - 7. Let r be g(a). Suppose 4*i - r*l + 13 = 0, -2*i + 3*l - 14 = -l. Let s(d) = 4*d + 3. Determine s(i).
15
Let f(n) = n**3 - 6*n + 5*n**2 - 3*n**2 + 4*n**2 + 15. Let l = -238909 - -238902. Determine f(l).
8
Let b = 1907 - 1903. Let r(o) = o**2 - 3*o. Give r(b).
4
Suppose -m = -37 + 17. Suppose -5 = -21*f + m*f. Let x(o) = o**2 - 10*o. Calculate x(f).
-25
Let z(b) = 2*b**2 - 4*b + 4. Suppose 3*g - 40 = -34. Suppose g*n + 3*n - 15 = 0, 0 = 4*y - n - 9. Calculate z(y).
10
Let j(m) be the third derivative of -m**7/5040 + 71*m**5/60 + m**3/3 - 32*m**2 + 3. Let z(y) be the third derivative of j(y). What is z(-4)?
4
Let n(c) be the first derivative of -c**4/6 + c**3/2 + 2*c**2 + 77*c - 269. Let l(x) be the first derivative of n(x). Determine l(3).
-5
Suppose -2*m - 3 + 8 = x, -4*x - 2 = -3*m. Suppose m*f + 3*t - 30 = 0, -f + 3*f - 5*t = -2. Let q(v) = 46 + 55 + v + 49 + 0*v + 59 - 227. What is q(f)?
-9
Let x(n) = 2*n**3 - 23*n**2 - 9*n - 13. Let s = 433 + -421. What is x(s)?
23
Let q(j) be the third derivative of -j**6/120 + j**5/12 + 5*j**4/24 + j**3 - 5*j**2 + 24*j + 5. Give q(-3).
63
Let m be -1*(-16)/(-2) + 17. Let d(c) = m*c - 1136*c**2 - 1141*c**2 + 4 + 1 - c**3 + 2284*c**2. What is d(8)?
13
Let z(o) = o**3 + 4*o**2 - 3*o - 10. Let r be 6/15*5 - 2 - (1 + 4). What is z(r)?
-20
Let z(m) = -17*m + 14. Let d(l) = -l**3 - 5*l**2 + 4*l - 17. Let n be d(-6). Let o(s) = -28*s + 27. Let b(t) = n*z(t) + 3*o(t). Calculate b(-8).
3
Let m be 4/(-8)*8/6*3. Let b(q) = -2 - 7 + 18 - 6 + 5*q. Give b(m).
-7
Let l be ((-60)/(-18) + -3)*9. Let b = 7 + -5. Let w(p) = -17*p**l + 30*p**2 - 30*p**2 + 1 + b*p. What is w(-1)?
16
Let h(s) = 469*s - 1. Let f(x) = -657*x + 2. Let l(a) = -5*f(a) - 7*h(a). What is l(-6)?
-15
Let g(p) = -3*p**2 + 7*p - 5. Suppose 0 = -8*f - 462 - 338. Let n = 105 + f. What is g(n)?
-45
Let f(y) be the first derivative of y**4/4 + 4*y**3/3 - y**2 - 2*y - 2. Let l be 24/28 - 1 - (-62)/(-7). Let m(d) = 4*d + 32. Let s be m(l). Determine f(s).
6
Let d(n) = -6*n + 256. Let o(q) = 3*q - 261. Let r(b) = -3*d(b) - 2*o(b). Determine r(21).
6
Let k(m) = 4*m - 85. Suppose -2817*l = -2827*l + 220. Determine k(l).
3
Let m(z) = 4*z - 26. Suppose 5*u + 6*h = 41, 33*u - h = 36*u - 22. Calculate m(u).
2
Let k be -1*(1 - 2) - -2. Let q(w) = 4*w - 1. Let b(j) = j + 1. Let i be (-2)/(-6) - (-11 - 259/(-21)). Let f(s) = i*q(s) + 3*b(s). What is f(k)?
1
Let j(v) be the second derivative of v**5/15 - v**4/8 + v**3/6 - 6*v**2 + 25*v. Let x(f) be the second derivative of j(f). What is x(3)?
21
Let t(g) be the second derivative of -3*g**5/20 + g**4/12 + g**3/3 - g**2/2 - 1277*g. What is t(2)?
-17
Suppose 4*m + 2*x = 26, 13 - 8 = m - x. Suppose m*s - 462 = -444. Let y(o) = -o + 6. Give y(s).
3
Let f(x) = x**3 + 10*x**2 + 10*x + 13. Let i(o) = o**3 - 34*o**2 + 9*o + 116. Let t be i(34). Let u = t - 431. Determine f(u).
4
Let u(r) be the first derivative of r**4 - 2*r**3/3 + 7*r**2/2 - 17*r - 3552. Calculate u(2).
21
Suppose 581*w - 541*w = -320. Let n(g) = g**2 + 8*g + 17. What is n(w)?
17
Let i(g) = -33*g + 28*g**2 - 32*g**2 + 10 + 6*g**2. Give i(15).
-35
Let x be -33 + 24 - (7 + -18). Let z(d) = 5*d**2 - 11*d - 6. Determine z(x).
-8
Suppose -2205*g + 2211*g = 0. Let x(l) be the second derivative of l + g + 4*l**2 - 1/6*l**3 - 1/12*l**4. Calculate x(0).
8
Let x(f) = 4*f - 51. Let u(g) = g + 17 - 36*g + 34*g. Let v(s) = 7*u(s) + 2*x(s). Determine v(-10).
7
Let y(k) = -k**3 - k**2 + k - 18. Let x(t) = 6*t**3 - 4*t**2 - 10*t + 192. Let s(h) = -x(h) - 7*y(h). What is s(-10)?
4
Let y(n) be the third derivative of -n**7/1260 - n**6/180 - n**5/30 - n**4/24 - 94*n**2 - 2*n. Let v(p) be the third derivative of y(p). Calculate v(-4).
12
Suppose 2*p + 6*h - h = 62, 0 = -3*p - 3*h + 93. Let m(o) = -3*o - p + 4*o + 28 + o. Let g be (-3)/1*1 - 2. Determine m(g).
-13
Let m(r) = -52*r**2 - 13*r + 2. Let q(y) = 25*y**2 + 7*y - 1. Let v(l) = -4*m(l) - 7*q(l). What is v(2)?
137
Let y be (-174)/116*(1 - (-55)/(-45)). Let r(n) be the third derivative of 1/10*n**5 - 26*n**2 + n**3 - y*n**4 + 0 + 0*n + 1/120*n**6. Determine r(-7).
13
Let i be 4*3/(-4)*-9. Suppose 2*n - 9 = i. Suppose 2 = -4*x + n. Let z(o) = o**3 - 4*o**2 + 3*o - 5. Calculate z(x).
7
Let j(u) be the second derivative of -11 - 2*u - 2/3*u**3 - 5/2*u**2 + 1/12*u**4. Calculate j(-2).
7
Let s(o) = o**2 + 3*o - 61. Let n be (-1715)/(-686)*(1 + (-4 - (2 - 1))). What is s(n)?
9
Let h(q) = 49*q**2 - q. Let p be h(1). Suppose -264 = -212*y + 206*y. Let k(j) = -p*j - y*j + 86*j. Determine k(3).
-18
Let n be -1 + (-6)/(1 + 1). Suppose -3*q - 3*h - 2*h = -125, 129 = 3*q + 3*h. Let y(d) = 4*d - 43 - q + 83 - 3*d. Calculate y(n).
-9
Let b(g) = 6*g**3 - 47*g**2 - 11*g + 24. Let m(c) = 5*c**3 - 40*c**2 - 12*c + 24. Let i(p) = -4*b(p) + 5*m(p). Calculate i(13).
-15
Let k(a) = -a**3 + 18*a**2 - 2. Let v be k(18). Let o be 22 + -1 + (v - -4). Let p(m) = -o*m**2 + 47*m**2 - 9 - 30*m**2 - m**3 + 6*m. Determine p(-7).
-2
Let c(v) = 1 + 3*v**3 + 74*v**2 - 74*v**2 - 8*v**3. Let a = -625 - -627. What is c(a)?
-39
Suppose 2*d - 25 + 1 = -4*f, 4*d = -f + 20. Let t(u) = 3*u**3 + 6*u**2 + 9*u + 20. Let p be t(-2). Let h(o) = -18*o**p + 1 + 19*o**2 - 3*o - f. What is h(3)?
-3
Let f(w) be the second derivative of -w**4/12 - 3*w**3/2 - 2*w**2 - 2051*w. What is f(-4)?
16
Let b(x) = x**3 + 5*x**2 - x. Let m = 240 - 219. Suppose m + 54 = -15*g. What is b(g)?
5
Let i(o) = o**3 - 18*o**2 + 58*o - 17. Let t be 264/20 + 4/5. Give i(t).
11
Let p = -239 - -239. Let i(q) = 0*q + 7 + p*q + 5*q - 3*q. Give i(-8).
-9
Let l(v) = 7*v**3 + 7*v**2 - 11*v - 3. Let d(c) = -18*c**3 - 21*c**2 + 32*c + 9. Let i(q) = 3*d(q) + 8*l(q). What is i(2)?
7
Let h(l) = -2152*l**3 + 25*l - 12 - 11*l**2 + 0*l + 2153*l**3. Calculate h(8).
-4
Suppose 4*v + 24 = d, 17*d - 12 = 2*v + 13*d. Let u(o) = o**3 + 9*o**2 + 15*o - 16. Give u(v).
2
Let p(n) be the second derivative of 4*n + 1/2*n**3 + 3*n**2 - 2. Give p(5).
21
Let c = 9 - 0. Let f(o) = -51*o + 8*o**2 + o**3 + 5 + 116*o - 57*o - 2*o**3 - 3. Calculate f(c).
-7
Let i(v) = 2*v - 28. Let n = 5153 + -5145. Give i(n).
-12
Let s(r) = -r**3 + 8*r**2 - 6*r - 2. Suppose 2 = j - 0. Let m(o) = -o**2 + 10*o + 3. Let n be m(9). Let i be (-28)/j*(66/n)/(-11). Calculate s(i).
5
Let z(a) be the first derivative of -a**4/4 - 2*a**3 + 17*a**2/2 + 6*a + 3358. Determine z(-9).
96
Let t(b) = 5*b + 0*b + 30 + 4*b - 9 + 5*b. Give t(-5).
-49
Let y(u) = 10*u. Let m = -35 - 284. Let g = 321 + m. Determine y(g).
20
Let r(g) = 2*g**2 + 10*g - 3. Suppo